{"id":2622,"date":"2023-01-28T09:38:00","date_gmt":"2023-01-28T09:38:00","guid":{"rendered":"http:\/\/pazdezigandaxake.net\/?page_id=2622"},"modified":"2023-02-01T18:32:20","modified_gmt":"2023-02-01T18:32:20","slug":"simultaneas-ponomariov","status":"publish","type":"page","link":"https:\/\/pazdezigandaxake.net\/index.php\/es\/simultaneas-ponomariov\/","title":{"rendered":"Simult\u00e1neas Ponomariov"},"content":{"rendered":"\n<p class=\"has-text-align-center\"><strong>XXX. MEMORIAL PAZ DE ZIGANDA<\/strong><\/p>\n\n\n\n<p class=\"has-text-align-center\"><strong>\u201cJose Luis Gorostidi Oroigarria\u201d<\/strong><\/p>\n\n\n\n<p class=\"has-text-align-center\">\u00a1Se celebrara este a\u00f1o con un Invitado de lujo!<\/p>\n\n\n\n<p class=\"has-text-align-center\"><strong>RUSLAN PONOMARIOV<\/strong><\/p>\n\n\n\n<p class=\"has-text-align-center\"><strong>EL VIERNES 17 DE MARZO POR LA TARDE<\/strong><\/p>\n\n\n\n<p class=\"has-text-align-center\">Jugar\u00e1 una exhibici\u00f3n de partidas simult\u00e1neas en el comedor de la Ikastola.<\/p>\n\n\n\n<p class=\"has-text-align-center\">\u00a1El campe\u00f3n del mundo m\u00e1s joven de la historia! Imaginad, con 12 a\u00f1os se proclam\u00f3 campe\u00f3n de Europa en la categor\u00eda sub-18, despu\u00e9s de 2 a\u00f1os con 14 fue Campe\u00f3n del Mundo sub-18 consiguiendo el t\u00edtulo de Gran Maestro antes que Bobby Fischer.<\/p>\n\n\n\n<p class=\"has-text-align-center\">Siguiendo su progresi\u00f3n y en unos tiempos convulsos en la historia del Ajedrez se convirti\u00f3 en campe\u00f3n del mundo de la Federaci\u00f3n Internacional del Ajedrez convirti\u00e9ndose as\u00ed en el campe\u00f3n m\u00e1s joven de la Historia.<\/p>\n\n\n\n<p class=\"has-text-align-center\">Recordad, como le gusta decir a Ruslan:<\/p>\n\n\n\n<p class=\"has-text-align-center\"><strong>&#8220;\u00a1En el ajedrez nunca pierdes, s\u00f3lo puedes aprender!&#8221;<\/strong><\/p>\n\n\n\n<p class=\"has-text-align-center\"> <div id=\"envira-gallery-wrap-2633\" class=\"envira-gallery-wrap envira-gallery-theme-base envira-lightbox-theme-base\" itemscope itemtype=\"https:\/\/schema.org\/ImageGallery\"><div data-row-height=\"150\" data-gallery-theme=\"normal\" id=\"envira-gallery-2633\" class=\"envira-gallery-public envira-gallery-justified-public envira-gallery-0-columns envira-clear enviratope envira-gallery-css-animations\" data-envira-columns=\"0\"><div id=\"envira-gallery-item-2634\" class=\"envira-gallery-item enviratope-item envira-gallery-item-1 envira-lazy-load\" style=\"padding-left: 5px; padding-bottom: 10px; padding-right: 5px;\"  itemscope itemtype=\"https:\/\/schema.org\/ImageObject\"><div class=\"envira-gallery-item-inner\"><div class=\"envira-gallery-position-overlay  envira-gallery-top-left\"><\/div><div class=\"envira-gallery-position-overlay  envira-gallery-top-right\"><\/div><div class=\"envira-gallery-position-overlay  envira-gallery-bottom-left\"><\/div><div class=\"envira-gallery-position-overlay  envira-gallery-bottom-right\"><\/div><a href=\"http:\/\/pazdezigandaxake.net\/wp-content\/uploads\/2023\/01\/Pono-1.jpg\" class=\"envira-gallery-2633 envira-gallery-link\" rel=\"enviragallery2633\" title=\"Pono\" data-envira-caption=\"Pono\" data-envira-retina=\"\" data-thumbnail=\"\"  itemprop=\"contentUrl\"><img decoding=\"async\" id=\"envira-gallery-image-2634\" class=\"envira-gallery-image envira-gallery-image-1 envira-normal envira-lazy\" data-envira-index=\"1\" src=\"https:\/\/pazdezigandaxake.net\/wp-content\/uploads\/2023\/01\/Pono-1-640x480.jpg\" data-envira-src=\"https:\/\/pazdezigandaxake.net\/wp-content\/uploads\/2023\/01\/Pono-1-640x480.jpg\" data-envira-gallery-id=\"2633\" data-envira-item-id=\"2634\" data-envira-caption=\"Pono\" alt=\"\" title=\"Pono\"  itemprop=\"thumbnailUrl\" data-envira-srcset=\"https:\/\/pazdezigandaxake.net\/wp-content\/uploads\/2023\/01\/Pono-1-640x480.jpg 400w,https:\/\/pazdezigandaxake.net\/wp-content\/uploads\/2023\/01\/Pono-1-640x480.jpg 2x\" data-envira-width=\"278\" data-envira-height=\"181\" srcset=\"data:image\/gif;base64,R0lGODlhAQABAIAAAP\/\/\/\/\/\/\/yH5BAEKAAEALAAAAAABAAEAAAICTAEAOw==\" data-safe-src=\"data:image\/gif;base64,R0lGODlhAQABAIAAAP\/\/\/\/\/\/\/yH5BAEKAAEALAAAAAABAAEAAAICTAEAOw==\" \/><\/a><\/div><\/div><\/div><\/div><noscript><img decoding=\"async\" src=\"https:\/\/pazdezigandaxake.net\/wp-content\/uploads\/2023\/01\/Pono-1.jpg\" alt=\"\" \/><\/noscript> <\/p>\n\n\n\n<p><\/p>\n\n\n\n<p><\/p>\n\n\n\n<p><\/p>\n\n\n\n<p><\/p>\n\n\n\n<p><\/p>\n\n\n\n<p><\/p>\n","protected":false},"excerpt":{"rendered":"<p>XXX. MEMORIAL PAZ DE ZIGANDA \u201cJose Luis Gorostidi Oroigarria\u201d \u00a1Se celebrara este a\u00f1o con un Invitado de lujo! RUSLAN PONOMARIOV EL VIERNES [&hellip;]<\/p>\n","protected":false},"author":1,"featured_media":0,"parent":0,"menu_order":0,"comment_status":"closed","ping_status":"closed","template":"","meta":{"footnotes":""},"class_list":["post-2622","page","type-page","status-publish","hentry"],"_links":{"self":[{"href":"https:\/\/pazdezigandaxake.net\/index.php\/wp-json\/wp\/v2\/pages\/2622","targetHints":{"allow":["GET"]}}],"collection":[{"href":"https:\/\/pazdezigandaxake.net\/index.php\/wp-json\/wp\/v2\/pages"}],"about":[{"href":"https:\/\/pazdezigandaxake.net\/index.php\/wp-json\/wp\/v2\/types\/page"}],"author":[{"embeddable":true,"href":"https:\/\/pazdezigandaxake.net\/index.php\/wp-json\/wp\/v2\/users\/1"}],"replies":[{"embeddable":true,"href":"https:\/\/pazdezigandaxake.net\/index.php\/wp-json\/wp\/v2\/comments?post=2622"}],"version-history":[{"count":13,"href":"https:\/\/pazdezigandaxake.net\/index.php\/wp-json\/wp\/v2\/pages\/2622\/revisions"}],"predecessor-version":[{"id":2688,"href":"https:\/\/pazdezigandaxake.net\/index.php\/wp-json\/wp\/v2\/pages\/2622\/revisions\/2688"}],"wp:attachment":[{"href":"https:\/\/pazdezigandaxake.net\/index.php\/wp-json\/wp\/v2\/media?parent=2622"}],"curies":[{"name":"wp","href":"https:\/\/api.w.org\/{rel}","templated":true}]}}